*c + 3, -5*s - 33 = 4*c. Let z be h(s). Calculate the remainder when z/(-12) - -3 - 2/8 is divided by 7.
5
Let q = -1081 + 3634. Suppose -13*f = -3128 - q. What is the remainder when f is divided by 73?
72
Let f be 49/10 - (-14)/140. Suppose -3*u - 8 = -6*u - 2*r, -f*u + 4*r = -28. Calculate the remainder when u is divided by 4.
0
Suppose -7091 - 18597 = -213*h + 10309. What is the remainder when h is divided by 62?
45
Let n(x) be the second derivative of x**4/6 - x**3/2 - 7*x**2/2 - 2*x. Calculate the remainder when n(5) is divided by 7*7/(-98)*-22.
6
Suppose u + 721 = -5*l + 2289, 4*u + 927 = 3*l. What is the remainder when l is divided by 47?
31
Suppose 11*m + 15 = 14*m - 5*y, 4*m - 2*y - 6 = 0. Suppose m = -9*z - 2 + 38. What is the remainder when 87 is divided by z?
3
Suppose -4*h = 5*n + 15, -3*h = -4*n - 6 + 56. What is the remainder when 9288/135 + 8/h is divided by 5?
3
Suppose 2*k + 7*d - 3*d = 376, -184 = -k - 4*d. Let n = 38275 - 38210. Calculate the remainder when k is divided by n.
62
Let o(u) = 14*u - 8. Suppose 2*s - 3*v = -11, 1 - 6 = -v. Let y be o(s). Let l = 33 - y. Calculate the remainder when 21 is divided by l.
8
Let u(l) = -82*l + 68. Let g be u(6). Let h = g + 600. Calculate the remainder when h is divided by 60.
56
Let c be (-3)/4 + (-759)/(-132). Suppose -c*k - 3*o + 60 = -80, -120 = -4*k - 4*o. What is the remainder when k is divided by 6?
1
Suppose 4*q - q = 5*y + 197, 2*y - 306 = -4*q. Calculate the remainder when 3698 is divided by q.
72
Suppose -210*p + 9892 = 93*p - 2531. What is the remainder when 1063 is divided by p?
38
Suppose 2*r = y + 914, -229*r + 5*y = -233*r + 1772. What is the remainder when r is divided by 47?
30
Let v(d) = d**3 - d**2 - d - 18. Let g be v(0). Calculate the remainder when 34 is divided by (-2 - (g + -3))/1.
15
Let x = 6381 - 5165. Calculate the remainder when 2468 is divided by x.
36
Let s be (19/3)/((-176)/(-24) - 7). Let y(f) = f**2 - 20*f + 27. Let i be y(s). Suppose 21*n - 1222 = i*n. What is the remainder when n is divided by 19?
18
Suppose -2288 = 29*x - 33*x + 2*f, -8 = 4*f. Calculate the remainder when x is divided by 41.
38
Let b(c) = c**2 - 46*c - 10013. Calculate the remainder when b(131) is divided by 138.
18
Suppose -5*i + 2 = -4*i. Suppose -i*w = -192 - 208. Suppose 2 = -2*k, -4*t + w = 3*k - 65. Calculate the remainder when t is divided by 12.
7
Let w = 2353 + -2287. Calculate the remainder when 104 is divided by w.
38
Let d(b) = b**3 + b**2 + 5. Let z be d(-2). Suppose -2*x = z - 13. Suppose x*j + 6*j - 84 = 0. Calculate the remainder when 19 is divided by j.
5
Suppose 0 = 2019*r - 1735*r - 13348. Suppose -4*a = -0*a - 1872. Calculate the remainder when a is divided by r.
45
Suppose 41*c - 4*c - 203093 = 0. What is the remainder when c is divided by 10?
9
Suppose 24*k - 28*k + 219 = -w, -5*w + 60 = k. Let c = -161 - -381. Calculate the remainder when c is divided by k.
0
Suppose -3*o + 7*s = 12*s, 0 = -4*o - 5*s. Suppose -5*a + 3*a + 16 = o. Calculate the remainder when 102 is divided by a.
6
Suppose 0 = 4*d + 4*m + 1332 - 4556, 4*m = -d + 797. Calculate the remainder when d is divided by 28.
25
Let a(v) be the third derivative of -41*v**6/60 - v**5/20 - 99*v**2. What is the remainder when a(-1) is divided by 9?
7
Let z(q) = -56*q**3 + 12*q**2 - 4*q - 89. What is the remainder when z(-3) is divided by 256?
7
Suppose 3*f - 78 = -3*s + 45, f + 5*s = 41. Suppose -215 = -6*k - f. Suppose -h = -0*h - 10. Calculate the remainder when k is divided by h.
9
What is the remainder when 28 is divided by (52/130)/(3/(-225)*-3)?
8
Suppose -2*b - 3*c - 759 = -6*b, 4*b + c = 771. Calculate the remainder when b is divided by 36.
12
Let r(y) = y**3 - 13*y**2 + 12*y + 4. Let w be r(12). Calculate the remainder when 93 is divided by ((-290)/(-203))/(w/14).
3
Let h(a) be the second derivative of a**3/3 + 12*a**2 + 28*a + 4. What is the remainder when 131 is divided by h(3)?
11
Suppose -13 = -3*z - 19, -4*x + 5*z + 22 = 0. Let m = -41 + 51. What is the remainder when 57/114*-1*m/(-1) is divided by x?
2
Suppose 2188 + 809 = 111*i. What is the remainder when 881 is divided by i?
17
Let j = -1291 + 1295. Suppose -36 = 4*f - 208. What is the remainder when f is divided by j?
3
Let p = 9 - 7. Suppose -4*h = 2*s - 7*s + 14, 9 = p*s - 5*h. Suppose -s*m - 82 = -2*k, -2*k = 2*k - 2*m - 158. Calculate the remainder when 75 is divided by k.
37
Let l(c) = -9*c - 38. Let k be l(-5). Suppose 2040 = 17*s + k*s. What is the remainder when 247 is divided by s?
77
Suppose -2*w + 7427 = 2675. Suppose 17*p + 2997 = 22*p - 4*y, 0 = 4*p + 4*y - w. Calculate the remainder when p is divided by 12.
9
Let h be ((-85)/15 - -5) + 174/18. Suppose -27*s + h = -207. What is the remainder when 9 is divided by s?
1
Let d be -2*36/(-16) + (-3)/6. Suppose 3*q + 174 = d*y, 0*y + 5*q - 190 = -4*y. What is the remainder when 134 is divided by y?
44
Let y = 8468 - 8372. What is the remainder when 218 is divided by y?
26
Suppose 23*p = -2888 + 7419. What is the remainder when 594 is divided by p?
3
Suppose -213*r + 4805 = -2011. Calculate the remainder when 5566 is divided by r.
30
Suppose 34405*a - 34396*a - 1440 = 0. What is the remainder when 2237 is divided by a?
157
Let v = 11107 + -11096. What is the remainder when 769 is divided by v?
10
Suppose 22336 + 27539 = -6*l + 27*l. What is the remainder when l is divided by 33?
32
Suppose 2*x = 2*o + x + 51, o + 26 = x. Let w be 10/o - (-104)/10. Suppose q + w = 24. Calculate the remainder when 81 is divided by q.
11
Let z = -23083 - -23380. Calculate the remainder when z is divided by 171.
126
Suppose 14 = 4*y - 2. Calculate the remainder when 47 + ((-6)/(-10) - 13/5) is divided by -4*(-4 - (-6)/y).
5
Let g = -84749 - -84761. Suppose 5*m + 66 + 274 = 0. Let l = m - -209. Calculate the remainder when l is divided by g.
9
Let l(o) = -6*o**2 + 10. Let q be l(-4). Let u = 111 + q. What is the remainder when (-92)/5*(-40)/16 is divided by u?
21
Let y(f) = f**3 + 4*f**2 - 2*f - 385. Let g be y(0). Let b = -359 - g. Calculate the remainder when 51 is divided by b.
25
Suppose 20 = -341*n + 345*n. What is the remainder when 0 + 89 + (n - 4) is divided by 49?
41
Suppose 3*z - 478 = 2*v, -2*z - 2*z = 2*v - 642. Suppose 12*r - 152 - z = 0. Calculate the remainder when 285 is divided by r.
25
Let a = -207 - -314. Calculate the remainder when a is divided by (4 + -1)/(22/66).
8
Suppose -5*g + 3 = -2*g. Let t = g + 6. Calculate the remainder when 2 + (4 + -10 - -1) + 29 is divided by t.
5
Suppose 256*m - 41714 = 68110. Calculate the remainder when m is divided by 97.
41
Suppose -2*y = 2*y + 16, 5109 = 5*j + 4*y. What is the remainder when j/50 - (-2)/4 is divided by 19?
2
Suppose -4*f + 0*j = -2*j - 320, -j - 242 = -3*f. What is the remainder when f is divided by (-74)/111*(0 + 1)*-18?
10
Let j(v) = -161*v**3 + 3*v**2 + 142*v + 278. What is the remainder when j(-2) is divided by 18?
16
Let s be (-3)/21 - 170/(-14). Suppose s = 31*p - 25*p. Calculate the remainder when 13 is divided by p.
1
Suppose -37*h = -11*h - 6179 - 295. Calculate the remainder when h is divided by 25.
24
Suppose 0 = -y + 2*p - 807, -y + 4*p - p - 810 = 0. Let g = y - -1666. Suppose g = -z + 6*z. What is the remainder when z is divided by 44?
41
Let q = 15003 + -14995. Let c(v) = -v**3 + 8*v**2 - 7*v + 6. Calculate the remainder when q is divided by c(7).
2
Calculate the remainder when 576 is divided by ((-66)/77)/(2/(-1302)).
18
Let f = -132 - -161. Suppose f*d - 24*d = 340. Calculate the remainder when d is divided by 14.
12
Let z(a) = -2*a**2 + 175*a - 918. What is the remainder when z(6) is divided by 16?
12
Let b(w) = w**2 - 53*w - 154. What is the remainder when 110 is divided by b(56)?
12
Let f = 15623 + -15126. Calculate the remainder when f is divided by 181.
135
Suppose -59 - 7 = -3*y. Suppose -3321 = 9*d + 1143. Let o = d + 508. Calculate the remainder when y is divided by o.
10
Let h(j) = j**3 - 13*j**2 - 2*j + 28. Let s be h(13). Suppose 0*k + 72 = 3*k. What is the remainder when 38 is divided by ((-6)/k + 1)*s*10?
8
Let o(z) = -z**3 + 9*z**2 + 83*z + 435. What is the remainder when o(-7) is divided by 46?
40
Let l(p) be the second derivative of -12*p**3 + 25*p**2/2 - p - 26. What is the remainder when l(